{"id":1814,"date":"2016-05-23T13:22:05","date_gmt":"2016-05-23T12:22:05","guid":{"rendered":"http:\/\/amc-arnsberg.org\/?page_id=1814"},"modified":"2016-05-23T14:18:34","modified_gmt":"2016-05-23T13:18:34","slug":"tag-der-offenen-tuer-2016","status":"publish","type":"page","link":"https:\/\/amc-arnsberg.org\/?page_id=1814","title":{"rendered":"Tag der offenen T\u00fcr 2016"},"content":{"rendered":"<p><span style=\"color: #333333; font-family: 'Georgia','serif';\"><a href=\"http:\/\/amc-arnsberg.org\/wp-content\/uploads\/2016\/05\/DSCI0160.jpg\" rel=\"attachment wp-att-1819\"><img loading=\"lazy\" decoding=\"async\" class=\"alignleft size-thumbnail wp-image-1819\" src=\"http:\/\/amc-arnsberg.org\/wp-content\/uploads\/2016\/05\/DSCI0160-150x150.jpg\" alt=\"DSCI0160\" width=\"150\" height=\"150\" \/><\/a>Zum \u00e2\u20ac\u017eTag der offenen T\u00fcr&#8220; hatte die Jugendgruppe des AMC Arnsberg am Samstag, 21.05.2016 auf ihr Trainingsgel\u00e4nde bei Reifen Kemper eingeladen. Bei strahlendem Wetter konnten sich einige Jugendliche und Kinder in den Kartsport \u00e2\u20ac\u017ehineinschnuppern\u00e2\u20ac\u0153.<\/span><\/p>\n<p>&nbsp;<\/p>\n<p><span style=\"color: #333333; font-family: 'Georgia','serif';\">Auch f\u00fcr das leibliche Wohl wurde mit Kuchen, Kaffee und Grillw\u00fcrstchen bestens gesorgt.<\/span><\/p>\n<p><span style=\"color: #333333; font-family: 'Georgia','serif';\">Hier einige Bilder von einem interessanten Nachmittag:<\/span><\/p>\n<p><a href=\"http:\/\/amc-arnsberg.org\/wp-content\/uploads\/2016\/05\/DSCI0143.jpg\" rel=\"attachment wp-att-1817\"><img loading=\"lazy\" decoding=\"async\" class=\"alignleft size-thumbnail wp-image-1817\" src=\"http:\/\/amc-arnsberg.org\/wp-content\/uploads\/2016\/05\/DSCI0143-150x150.jpg\" alt=\"DSCI0143\" width=\"150\" height=\"150\" \/><\/a> <a href=\"http:\/\/amc-arnsberg.org\/wp-content\/uploads\/2016\/05\/DSCI0160.jpg\" rel=\"attachment wp-att-1819\"><img loading=\"lazy\" decoding=\"async\" class=\"alignleft size-thumbnail wp-image-1819\" src=\"http:\/\/amc-arnsberg.org\/wp-content\/uploads\/2016\/05\/DSCI0160-150x150.jpg\" alt=\"DSCI0160\" width=\"150\" height=\"150\" \/><\/a><a href=\"http:\/\/amc-arnsberg.org\/wp-content\/uploads\/2016\/05\/DSCI0169.jpg\" rel=\"attachment wp-att-1826\"><img loading=\"lazy\" decoding=\"async\" class=\"alignleft size-thumbnail wp-image-1826\" src=\"http:\/\/amc-arnsberg.org\/wp-content\/uploads\/2016\/05\/DSCI0169-150x150.jpg\" alt=\"DSCI0169\" width=\"150\" height=\"150\" \/><\/a><a href=\"http:\/\/amc-arnsberg.org\/wp-content\/uploads\/2016\/05\/DSCI0173.jpg\" rel=\"attachment wp-att-1827\"><img loading=\"lazy\" decoding=\"async\" class=\"alignleft size-thumbnail wp-image-1827\" src=\"http:\/\/amc-arnsberg.org\/wp-content\/uploads\/2016\/05\/DSCI0173-150x150.jpg\" alt=\"DSCI0173\" width=\"150\" height=\"150\" \/><\/a><a href=\"http:\/\/amc-arnsberg.org\/wp-content\/uploads\/2016\/05\/DSCI0177.jpg\" rel=\"attachment wp-att-1828\"><img loading=\"lazy\" decoding=\"async\" class=\"alignleft size-thumbnail wp-image-1828\" src=\"http:\/\/amc-arnsberg.org\/wp-content\/uploads\/2016\/05\/DSCI0177-150x150.jpg\" alt=\"DSCI0177\" width=\"150\" height=\"150\" \/><\/a><\/p>\n<p>&nbsp;<\/p>\n<p>&nbsp;<\/p>\n<p>&nbsp;<\/p>\n<p>&nbsp;<\/p>\n<p>&nbsp;<\/p>\n<p>&nbsp;<\/p>\n<p>&nbsp;<\/p>\n<p><a href=\"http:\/\/amc-arnsberg.org\/wp-content\/uploads\/2016\/05\/DSCI0178.jpg\" rel=\"attachment wp-att-1829\"><img loading=\"lazy\" decoding=\"async\" class=\"alignleft size-thumbnail wp-image-1829\" src=\"http:\/\/amc-arnsberg.org\/wp-content\/uploads\/2016\/05\/DSCI0178-150x150.jpg\" alt=\"DSCI0178\" width=\"150\" height=\"150\" \/><\/a> <a href=\"http:\/\/amc-arnsberg.org\/wp-content\/uploads\/2016\/05\/DSCI0183.jpg\" rel=\"attachment wp-att-1830\"><img loading=\"lazy\" decoding=\"async\" class=\"alignleft size-thumbnail wp-image-1830\" src=\"http:\/\/amc-arnsberg.org\/wp-content\/uploads\/2016\/05\/DSCI0183-150x150.jpg\" alt=\"DSCI0183\" width=\"150\" height=\"150\" \/><\/a> <a href=\"http:\/\/amc-arnsberg.org\/wp-content\/uploads\/2016\/05\/DSCI0187.jpg\" rel=\"attachment wp-att-1831\"><img loading=\"lazy\" decoding=\"async\" class=\"alignleft size-thumbnail wp-image-1831\" src=\"http:\/\/amc-arnsberg.org\/wp-content\/uploads\/2016\/05\/DSCI0187-150x150.jpg\" alt=\"DSCI0187\" width=\"150\" height=\"150\" \/><br \/>\n<\/a><\/p>\n<p>&nbsp;<\/p>\n<p>&nbsp;<\/p>\n<p>&nbsp;<\/p>\n<p><a href=\"http:\/\/amc-arnsberg.org\/wp-content\/uploads\/2016\/05\/DSCI0193.jpg\" rel=\"attachment wp-att-1832\"><img loading=\"lazy\" decoding=\"async\" class=\"alignleft size-thumbnail wp-image-1832\" src=\"http:\/\/amc-arnsberg.org\/wp-content\/uploads\/2016\/05\/DSCI0193-150x150.jpg\" alt=\"DSCI0193\" width=\"150\" height=\"150\" \/><\/a> <a href=\"http:\/\/amc-arnsberg.org\/wp-content\/uploads\/2016\/05\/DSCI0196.jpg\" rel=\"attachment wp-att-1833\"><img loading=\"lazy\" decoding=\"async\" class=\"alignleft size-thumbnail wp-image-1833\" src=\"http:\/\/amc-arnsberg.org\/wp-content\/uploads\/2016\/05\/DSCI0196-150x150.jpg\" alt=\"DSCI0196\" width=\"150\" height=\"150\" \/><\/a> <a href=\"http:\/\/amc-arnsberg.org\/wp-content\/uploads\/2016\/05\/DSCI0198.jpg\" rel=\"attachment wp-att-1834\"><img loading=\"lazy\" decoding=\"async\" class=\"alignleft size-thumbnail wp-image-1834\" src=\"http:\/\/amc-arnsberg.org\/wp-content\/uploads\/2016\/05\/DSCI0198-150x150.jpg\" alt=\"DSCI0198\" width=\"150\" height=\"150\" \/><\/a> <a href=\"http:\/\/amc-arnsberg.org\/wp-content\/uploads\/2016\/05\/DSCI0199.jpg\" rel=\"attachment wp-att-1835\"><img loading=\"lazy\" decoding=\"async\" class=\"alignleft size-thumbnail wp-image-1835\" src=\"http:\/\/amc-arnsberg.org\/wp-content\/uploads\/2016\/05\/DSCI0199-150x150.jpg\" alt=\"DSCI0199\" width=\"150\" height=\"150\" \/><\/a><\/p>\n<p>&nbsp;<\/p>\n<p>&nbsp;<\/p>\n<p>&nbsp;<\/p>\n<p>&nbsp;<\/p>\n<p><a href=\"http:\/\/amc-arnsberg.org\/wp-content\/uploads\/2016\/05\/DSCI0169.jpg\" rel=\"attachment wp-att-1826\"><img loading=\"lazy\" decoding=\"async\" class=\"alignleft size-thumbnail wp-image-1826\" src=\"http:\/\/amc-arnsberg.org\/wp-content\/uploads\/2016\/05\/DSCI0169-150x150.jpg\" alt=\"DSCI0169\" width=\"150\" height=\"150\" \/><\/a> <a href=\"http:\/\/amc-arnsberg.org\/wp-content\/uploads\/2016\/05\/DSCI0207.jpg\" rel=\"attachment wp-att-1836\"><img loading=\"lazy\" decoding=\"async\" class=\"alignleft size-thumbnail wp-image-1836\" src=\"http:\/\/amc-arnsberg.org\/wp-content\/uploads\/2016\/05\/DSCI0207-150x150.jpg\" alt=\"DSCI0207\" width=\"150\" height=\"150\" \/><\/a> <a href=\"http:\/\/amc-arnsberg.org\/wp-content\/uploads\/2016\/05\/DSCI0210.jpg\" rel=\"attachment wp-att-1837\"><img loading=\"lazy\" decoding=\"async\" class=\"alignleft size-thumbnail wp-image-1837\" src=\"http:\/\/amc-arnsberg.org\/wp-content\/uploads\/2016\/05\/DSCI0210-150x150.jpg\" alt=\"DSCI0210\" width=\"150\" height=\"150\" \/><\/a> <a href=\"http:\/\/amc-arnsberg.org\/wp-content\/uploads\/2016\/05\/DSCI0212.jpg\" rel=\"attachment wp-att-1838\"><img loading=\"lazy\" decoding=\"async\" class=\"alignleft size-thumbnail wp-image-1838\" src=\"http:\/\/amc-arnsberg.org\/wp-content\/uploads\/2016\/05\/DSCI0212-150x150.jpg\" alt=\"DSCI0212\" width=\"150\" height=\"150\" \/><\/a><\/p>\n<p>&nbsp;<\/p>\n<p>&nbsp;<\/p>\n<p>&nbsp;<\/p>\n<p>&nbsp;<\/p>\n","protected":false},"excerpt":{"rendered":"<p>Zum \u00e2\u20ac\u017eTag der offenen T\u00fcr&#8220; hatte die Jugendgruppe des AMC Arnsberg am Samstag, 21.05.2016 auf ihr Trainingsgel\u00e4nde bei Reifen Kemper eingeladen. Bei strahlendem Wetter konnten sich einige Jugendliche und Kinder in den Kartsport \u00e2\u20ac\u017ehineinschnuppern\u00e2\u20ac\u0153. &nbsp; Auch f\u00fcr das leibliche Wohl wurde mit Kuchen, Kaffee und Grillw\u00fcrstchen bestens gesorgt. Hier einige Bilder von einem interessanten Nachmittag: &hellip; <\/p>\n<p class=\"link-more\"><a href=\"https:\/\/amc-arnsberg.org\/?page_id=1814\" class=\"more-link\"><span class=\"screen-reader-text\">\u201eTag der offenen T\u00fcr 2016\u201c<\/span> weiterlesen<\/a><\/p>\n","protected":false},"author":2,"featured_media":0,"parent":19,"menu_order":0,"comment_status":"closed","ping_status":"closed","template":"","meta":{"footnotes":""},"class_list":["post-1814","page","type-page","status-publish","hentry"],"_links":{"self":[{"href":"https:\/\/amc-arnsberg.org\/index.php?rest_route=\/wp\/v2\/pages\/1814","targetHints":{"allow":["GET"]}}],"collection":[{"href":"https:\/\/amc-arnsberg.org\/index.php?rest_route=\/wp\/v2\/pages"}],"about":[{"href":"https:\/\/amc-arnsberg.org\/index.php?rest_route=\/wp\/v2\/types\/page"}],"author":[{"embeddable":true,"href":"https:\/\/amc-arnsberg.org\/index.php?rest_route=\/wp\/v2\/users\/2"}],"replies":[{"embeddable":true,"href":"https:\/\/amc-arnsberg.org\/index.php?rest_route=%2Fwp%2Fv2%2Fcomments&post=1814"}],"version-history":[{"count":4,"href":"https:\/\/amc-arnsberg.org\/index.php?rest_route=\/wp\/v2\/pages\/1814\/revisions"}],"predecessor-version":[{"id":1839,"href":"https:\/\/amc-arnsberg.org\/index.php?rest_route=\/wp\/v2\/pages\/1814\/revisions\/1839"}],"up":[{"embeddable":true,"href":"https:\/\/amc-arnsberg.org\/index.php?rest_route=\/wp\/v2\/pages\/19"}],"wp:attachment":[{"href":"https:\/\/amc-arnsberg.org\/index.php?rest_route=%2Fwp%2Fv2%2Fmedia&parent=1814"}],"curies":[{"name":"wp","href":"https:\/\/api.w.org\/{rel}","templated":true}]}}