{"id":84,"date":"2011-02-20T15:00:46","date_gmt":"2011-02-20T14:00:46","guid":{"rendered":"http:\/\/amc-arnsberg.org\/?page_id=84"},"modified":"2023-11-18T18:27:44","modified_gmt":"2023-11-18T17:27:44","slug":"sonstiges","status":"publish","type":"page","link":"https:\/\/amc-arnsberg.org\/?page_id=84","title":{"rendered":"Bildersuchfahrten"},"content":{"rendered":"<p>Termin der Bildersuchfahrt 2013<\/p>\n<p>Sonntag, 02. Juni 2013<\/p>\n<p>Start: 13:00h bis 13:30h auf dem Parkplatz Schefferei an der Autobahnabfahrt<\/p>\n<p>Flyer herunterladen:<a href=\"http:\/\/amc-arnsberg.org\/wp-content\/uploads\/2011\/02\/bildersuchfahrt_19_06_2011.pdf\"><br \/>\n<\/a><\/p>\n<p><a href=\"http:\/\/amc-arnsberg.org\/wp-content\/uploads\/2011\/02\/Ank\u00fcndigung-Bildersuchfahrt-2013.pdf\">Ank\u00fcndigung Bildersuchfahrt 2013<\/a><\/p>\n<p>&nbsp;<\/p>\n<p>Der AMC freut\u00c2&nbsp; sich auf viele Starter!<\/p>\n<p><strong><em>R\u00fcckblick auf die Bildersuchfahrt 2011<\/em><\/strong><\/p>\n<p><strong><span style=\"text-decoration: underline;\">Presseinformation des AMC Arnsberg im ADAC e.V.:<\/span><\/strong><\/p>\n<p><strong><span style=\"text-decoration: underline;\">AMC Arnsberg f\u00fchrte durchs Sauerland<\/span><\/strong><\/p>\n<p><strong>Arnsberg. <\/strong>\u00c3\u0153ber 30 Motorsportfreunde machten sich am letzten Sonntag auf zur vom AMC organisierten Bildersuchfahrt. Auf einer vorgegebenen Fahrtroute von rund 50 Km durch unser sch\u00f6nes Sauerland waren 33 fotografierte Motive zu entdecken und als Nachweis, dass das Bild auch tats\u00e4chlich gefunden wurde, musste noch eine Zusatzfrage richtig beantwortet werden. Alle Teams waren \u00fcberdurchschnittlich erfolgreich und von der Streckenf\u00fchrung begeistert (&#8230;.hier bin ich ja noch nie gewesen). Wieder einmal zeigte sich, welch herrliche Flecken fast vor unserer Haust\u00fcr liegen. Entsprechend gut war die Stimmung bei der Siegerehrung durch den 1. Vorsitzenden des AMC, Heinz Schulte-Hobein. Sie fand im Vereinslokal, der Dorfsch\u00e4nke K\u00f6rner in Bruchhausen, statt. Aus einem ausgezeichneten Gesamtergebnis ragten die Sieger Romina Ernst und Steffen Schmitz hervor, die immerhin 31 Bilder gefunden hatten. Zweite wurde das Team Markus, Susanne und Michel Schneider vor Christiane und Elisa Berres mit Feikje. Alle waren sich einig, auch im n\u00e4chsten Jahr wieder an den Start zu gehen.<\/p>\n<p><a href=\"http:\/\/amc-arnsberg.org\/wp-content\/uploads\/2011\/02\/Siegerehrung-Bildersucgfahrt-20111.jpg\"><img loading=\"lazy\" decoding=\"async\" class=\"alignnone size-medium wp-image-169\" title=\"Siegerehrung Bildersucgfahrt 20111\" src=\"http:\/\/amc-arnsberg.org\/wp-content\/uploads\/2011\/02\/Siegerehrung-Bildersucgfahrt-20111-300x181.jpg\" alt=\"\" width=\"300\" height=\"181\" srcset=\"https:\/\/amc-arnsberg.org\/wp-content\/uploads\/2011\/02\/Siegerehrung-Bildersucgfahrt-20111-300x181.jpg 300w, https:\/\/amc-arnsberg.org\/wp-content\/uploads\/2011\/02\/Siegerehrung-Bildersucgfahrt-20111-1024x618.jpg 1024w, https:\/\/amc-arnsberg.org\/wp-content\/uploads\/2011\/02\/Siegerehrung-Bildersucgfahrt-20111.jpg 1640w\" sizes=\"auto, (max-width: 300px) 100vw, 300px\" \/><\/a><\/p>\n<p>Die Sieger der AMC Bildersuchfahrt 2011<\/p>\n<p><a href=\"http:\/\/amc-arnsberg.org\/wp-content\/uploads\/2011\/02\/DSC04345.jpg\"><img loading=\"lazy\" decoding=\"async\" class=\"alignnone size-medium wp-image-171\" title=\"DSC04345\" src=\"http:\/\/amc-arnsberg.org\/wp-content\/uploads\/2011\/02\/DSC04345-300x225.jpg\" alt=\"\" width=\"300\" height=\"225\" srcset=\"https:\/\/amc-arnsberg.org\/wp-content\/uploads\/2011\/02\/DSC04345-300x225.jpg 300w, https:\/\/amc-arnsberg.org\/wp-content\/uploads\/2011\/02\/DSC04345-1024x768.jpg 1024w, https:\/\/amc-arnsberg.org\/wp-content\/uploads\/2011\/02\/DSC04345.jpg 2048w\" sizes=\"auto, (max-width: 300px) 100vw, 300px\" \/><\/a><\/p>\n<p>Siegerehrung im Clublokal Dorfsch\u00e4nke K\u00f6rner<\/p>\n<hr>\n<p>&nbsp;<\/p>\n<hr>\n<p>&nbsp;<\/p>\n","protected":false},"excerpt":{"rendered":"<p>Termin der Bildersuchfahrt 2013 Sonntag, 02. Juni 2013 Start: 13:00h bis 13:30h auf dem Parkplatz Schefferei an der Autobahnabfahrt Flyer herunterladen: Ank\u00fcndigung Bildersuchfahrt 2013 &nbsp; Der AMC freut\u00c2&nbsp; sich auf viele Starter! R\u00fcckblick auf die Bildersuchfahrt 2011 Presseinformation des AMC Arnsberg im ADAC e.V.: AMC Arnsberg f\u00fchrte durchs Sauerland Arnsberg. \u00c3\u0153ber 30 Motorsportfreunde machten sich &hellip; <\/p>\n<p class=\"link-more\"><a href=\"https:\/\/amc-arnsberg.org\/?page_id=84\" class=\"more-link\"><span class=\"screen-reader-text\">\u201eBildersuchfahrten\u201c<\/span> weiterlesen<\/a><\/p>\n","protected":false},"author":2,"featured_media":0,"parent":0,"menu_order":1,"comment_status":"open","ping_status":"closed","template":"","meta":{"footnotes":""},"class_list":["post-84","page","type-page","status-publish","hentry"],"_links":{"self":[{"href":"https:\/\/amc-arnsberg.org\/index.php?rest_route=\/wp\/v2\/pages\/84","targetHints":{"allow":["GET"]}}],"collection":[{"href":"https:\/\/amc-arnsberg.org\/index.php?rest_route=\/wp\/v2\/pages"}],"about":[{"href":"https:\/\/amc-arnsberg.org\/index.php?rest_route=\/wp\/v2\/types\/page"}],"author":[{"embeddable":true,"href":"https:\/\/amc-arnsberg.org\/index.php?rest_route=\/wp\/v2\/users\/2"}],"replies":[{"embeddable":true,"href":"https:\/\/amc-arnsberg.org\/index.php?rest_route=%2Fwp%2Fv2%2Fcomments&post=84"}],"version-history":[{"count":24,"href":"https:\/\/amc-arnsberg.org\/index.php?rest_route=\/wp\/v2\/pages\/84\/revisions"}],"predecessor-version":[{"id":6195,"href":"https:\/\/amc-arnsberg.org\/index.php?rest_route=\/wp\/v2\/pages\/84\/revisions\/6195"}],"wp:attachment":[{"href":"https:\/\/amc-arnsberg.org\/index.php?rest_route=%2Fwp%2Fv2%2Fmedia&parent=84"}],"curies":[{"name":"wp","href":"https:\/\/api.w.org\/{rel}","templated":true}]}}